re the prime factors of a?
11, 317
Suppose -246*k + 14993955 = 57*k. What are the prime factors of k?
3, 5, 3299
Suppose -3*n + 6 = 2*z - n, -4*n = 5*z - 10. Let g be 12*(-2 + (z - 68/(-16))). Suppose 0*l + 186 = g*l. What are the prime factors of l?
2, 31
Let f = 11 + -1. Let n = -13 - f. Let o(k) = -k + 19. List the prime factors of o(n).
2, 3, 7
Let u = 332 - 332. Suppose 132 - 50 = q + 2*s, 4*q - 2*s - 278 = u. What are the prime factors of q?
2, 3
Let s be (-4)/(-6)*6/(-4). Let v(r) be the third derivative of -101*r**4/12 - 5*r**3/6 + 761*r**2 + 3*r. List the prime factors of v(s).
197
Suppose -3*t + 0*r + 230 = -r, -2*t + 2*r = -156. Let q = -2 - t. Let f = -29 - q. What are the prime factors of f?
7
Let v be -2995*(38 + -40 + (-16)/(-10)). Suppose -164 + v = 2*i. List the prime factors of i.
11, 47
Suppose 3707*t - 3655*t - 1761240 = 0. List the prime factors of t.
2, 3, 5, 1129
Let u = 291 - 221. Suppose 2160 = 94*n - u*n. List the prime factors of n.
2, 3, 5
Let t(h) = -4968*h - 25. List the prime factors of t(-2).
11, 17, 53
Let m(c) = 1720*c**2 - 17*c - 25. What are the prime factors of m(-3)?
2, 7753
Suppose -23*y + 20 = -18*y. Suppose -3*t + 613 = y*c, -c + 5*t = -3*c + 317. List the prime factors of c.
151
Let m be (-9428)/(-36) - ((-34)/(-18) + -2). Suppose -h + 4 = -m. What are the prime factors of h?
2, 7, 19
Let x be ((-6)/(-4) - 2)*2. Let y be (-4)/10 + x*(-339)/(-15). Let z = 17 - y. What are the prime factors of z?
2, 5
Let n(k) = -31*k - 13. Let u be n(8). Let r = 668 + u. Suppose 5*a - o - 629 = -5*o, 3*a - 5*o = r. What are the prime factors of a?
3, 43
Let x = 92 + -82. Suppose -x*z + 15*z - 2145 = 0. Suppose -5 = 5*k, -z = -3*o - 5*k + 196. What are the prime factors of o?
2, 3, 5, 7
Let y = -25579 + 37835. What are the prime factors of y?
2, 383
Let s(q) = -11 + 2*q**2 - q**3 + 12*q**2 + 14*q**2 - 16*q. Suppose 2*k - 244*l + 249*l = 14, -5*l = 3*k - 41. What are the prime factors of s(k)?
2, 11, 13
Let a = -230 + 229. Let n = 1600 - 4211. List the prime factors of -2*n/28 - a/2.
11, 17
Let a(g) = -168*g - 163*g + 223 + 601*g - 149*g - 166*g. What are the prime factors of a(0)?
223
Suppose 43*s + 5040 = 22*s. List the prime factors of (-144)/s - 1552/(-5).
311
Suppose 17*k - 40*k = -999833. List the prime factors of k.
29, 1499
What are the prime factors of 1308/(-42) + 32 + (-236434)/(-14)?
16889
List the prime factors of 19/5 + (-50)/(-250) + 7604.
2, 3, 317
Suppose 3*p - 4*k = 97367, 0 = -1089*p + 1085*p - 3*k + 129856. What are the prime factors of p?
11, 13, 227
Let y = 365 + 164. Suppose y = 4*i + 5*q, -2*q - 2*q = 2*i - 260. List the prime factors of i/(-3)*(15/6 - 4).
2, 17
Let b = -1 - 20. List the prime factors of (-9)/b + 8744/14.
5
Let s = 91024 + -53437. What are the prime factors of s?
3, 11, 17, 67
Let u be (-2)/(-11) - 2214/198. Let n = u + 177. List the prime factors of n.
2, 83
Suppose -9*z + 5*z = 1176. What are the prime factors of 51*((-1652)/z - (-4)/(-14))?
2, 17
Suppose 2*j + 154 = -2*u - 554, -u + 5*j = 336. Let h = u + 398. List the prime factors of h.
47
Suppose v + 3 = 0, j - 5*v = 5*j + 7. Suppose -2*s = -2*x - 972 - 392, j*x = s - 685. What are the prime factors of s?
7, 97
Suppose q = -2*m + 34590, -q + 9*m - 7*m + 34598 = 0. What are the prime factors of q?
2, 7, 353
Let z = 2347 - 1534. Suppose -3823 = -10*h - z. List the prime factors of h.
7, 43
Let z = -157 + 161. Suppose -4*g + 5*r = -2189, 0*r - 2159 = -z*g - r. List the prime factors of g.
541
Let v(g) = 4*g**2 - 13*g - 16. Let p(z) = -3*z**2 + 13*z + 15. Let i(t) = 3*p(t) + 2*v(t). Let c be i(20). Let a = c + 238. What are the prime factors of a?
3, 37
Let v(r) = 243*r + 53. What are the prime factors of v(31)?
2, 3793
Let r(t) = t**3 + 5*t**2 - 7. Let g be r(-5). What are the prime factors of 229 - 1*(g + 2)?
2, 3, 13
Let n = -232 - -232. Let i(w) be the first derivative of -w**2/2 + 70*w - 4. What are the prime factors of i(n)?
2, 5, 7
Suppose 1213*c - 109431 = 1204*c. List the prime factors of c.
3, 7, 193
Let b(k) = k**3 + 37*k**2 - 65*k + 172. List the prime factors of b(-29).
5, 7, 251
Suppose -31 = -17*z + 3. Suppose 5*r = -z*s + 922, -s + 6*s - 2332 = r. List the prime factors of s.
2, 233
Let f be 24218/12 + 6/(-36). Suppose -5*o + 2 = -11*x + 8*x, 2*o - 5*x = -3. List the prime factors of o/(-8) - f/(-16).
2, 3, 7
Let u = 83 + 43. List the prime factors of 2/(-12) - (-94899)/u.
3, 251
Let v(f) = 9428*f + 335. List the prime factors of v(3).
28619
Let x be ((-12)/(-10) + -2)*5 - -12. Suppose 0 = -2*v - 3*z + 8, -v + x = v + 5*z. Suppose v*g + g - 473 = 3*l, g = l + 95. List the prime factors of g.
2, 47
Suppose -4*p + 70210 + 39324 = -k, 3*p - 3*k = 82155. List the prime factors of p.
139, 197
Suppose 44*g - 40*g = 24. Let z be 6 - (2/3)/(g/36). Suppose -2*u = z*v + 2*v - 602, -u = -v + 155. List the prime factors of v.
2, 19
Let r = 18239 + -9565. List the prime factors of r.
2, 4337
Let x(z) = 27*z**3 + z - 1. Let u be x(1). Let y be u/(((-15)/2)/5). What are the prime factors of (-15 - y)*448/6?
2, 7
Suppose 124 = -4*b + 2448. Let o = 1118 - b. What are the prime factors of o?
3, 179
Let c(u) = -598*u - 3550. What are the prime factors of c(-22)?
2, 3, 1601
Let m(b) = 369*b - 2204. List the prime factors of m(20).
2, 647
Let q = 172280 - 119463. List the prime factors of q.
52817
Let c(d) = 982*d**2 + 161*d + 727. What are the prime factors of c(-6)?
13, 37, 73
Let m(s) = s**2 + 13*s + 47919. What are the prime factors of m(0)?
3, 15973
Suppose 5*q = 4615 + 3100. Suppose 5*c + 0*a = -4*a + q, -a = -2. What are the prime factors of c?
307
Let u(i) = 2*i**3 + 138*i**2 - 123*i - 788. What are the prime factors of u(-58)?
2, 40177
Let j(o) = -680*o**2 - 33*o + 4. Let p be j(-8). List the prime factors of p/(-44) - (1 - -1).
3, 109
Let r(n) = -13*n**2 + 10*n + 15. Let c(x) = -38*x**2 + 29*x + 44. Let p(q) = -4*c(q) + 11*r(q). Let y be p(7). Let z = y - 213. List the prime factors of z.
5, 7
Let n = 84 - 84. Suppose n*h = h - 12. Suppose -10*z - 244 = -h*z. List the prime factors of z.
2, 61
Let l(w) = 23*w - 16. Suppose 3*k = 3*x - 45, 7*x - 4*x = -3*k + 33. Suppose -5*t + 17 = -x. What are the prime factors of l(t)?
2, 61
Suppose 5*i - 10 = 0, 3*k + i - 3 = 4*i. Suppose k*z + o = 82, 2*z + 2*o - 40 - 20 = 0. List the prime factors of z.
2, 13
Let l = 423 - -506. Suppose 683 = 3*x - 2*r, -x - 3*x - r + l = 0. What are the prime factors of x?
3, 7, 11
Let t(i) = 459*i**2 + 9*i + 13. List the prime factors of t(-10).
45823
Suppose 3*h - 9*f + 6*f = 91836, 0 = 3*h - 4*f - 91842. List the prime factors of h.
2, 3, 5101
Suppose -5*v + 81316 = 2*c + 11701, -27835 = -2*v - 3*c. List the prime factors of v.
5, 557
Suppose -5*b - 4*o = 27, 23*o - 6 = 20*o. Let v(p) = -10*p - 35. List the prime factors of v(b).
5, 7
Suppose 5*n = 6*n + 4*p - 9, -2*n - 5*p + 15 = 0. Suppose -446 - 1259 = -n*r. Let l = r - 225. What are the prime factors of l?
2, 29
Suppose 0 = 12*c + 13 - 25. List the prime factors of 343 - (-3)/(c - 2).
2, 5, 17
What are the prime factors of 8259 - 14/2*-2?
8273
Let d(w) = w**2 - 14*w + 36. Let u be d(12). Suppose -2*t - 18 = -m + u, 3*m + t - 69 = 0. Let k = 96 + m. What are the prime factors of k?
2, 3, 5
Let t(m) = 72*m + 6. Let g be t(4). Suppose 5*r = -51 - g. Let p = r - -100. What are the prime factors of p?
31
Let p be -5 + 2 + 1/2*2. What are the prime factors of (-42)/12 - 1675/p?
2, 3, 139
Suppose -443*w = -447*w + 52032. List the prime factors of w.
2, 3, 271
Let k(l) = 46 + l**3 + 31*l - 18*l + 30*l**2 + 20*l. Let z be k(-28). Suppose -6*n = -n - z. What are the prime factors of n?
2, 3, 23
Suppose -97595 = -5*w - 29801 + 139166. List the prime factors of w.
2, 13, 199
Suppose 0*m = 4*j + m - 4, -5*m = -5*j + 5. Let d be (4 + 71 + (1 - -2))*j. Suppose c = 18 + d. What are the prime factors of c?
2, 3
Suppose 0 = -5*y + 5*a + 49925, 10*y - 9*y - 9985 = 3*a. List the prime factors of y.
5, 1997
Suppose -20*i = -7037 - 7463. What are the prime factors of i?
5, 29
Let f = -3251 - -3513. Let h be 2/7 + 6100/14. Let u = h - f. List the prime factors of u.
2, 3, 29
Let j = 76 + -97. Let c = 23 + j. Let f(p) = 81*p. List the prime factors of f(c).
2, 3
Let d(v) = -85*v + 44. List the prime factors of d(-1